o and 112.
16
Suppose 2147*c - 2154*c + 490 = 0. Let z = -6 - -22. Suppose z = 3*h - 14. Calculate the greatest common divisor of h and c.
10
Let v = 48 + 139. Let b = 10 - -3. Suppose -b - 21 = -2*z. Calculate the greatest common factor of v and z.
17
Suppose -2*w + 152 = -4*b + 36, -202 = -4*w - 2*b. Suppose -5*r = -0*v - v + 38, -2*v + 4*r = -w. Calculate the greatest common divisor of 27 and v.
9
Suppose 49*w - 416 = 17*w. Calculate the highest common factor of 611 and w.
13
Let d(c) = -6*c + 3*c + c + 0*c + 8. Let f be d(-8). Calculate the highest common divisor of f and 168.
24
Suppose 2*p - 4*a + 1 = -a, -2*p + a = -5. Suppose p + 16 = f. Calculate the highest common factor of 200 and f.
20
Suppose -549*x + 559*x = 4050. What is the greatest common divisor of x and 15?
15
Suppose -4*u = 16, -t - 3*t + 3*u = -60. Let w(x) = x**3 - x**2 - x. Let k be w(0). Suppose 3*a + k*a - t = 0. What is the highest common divisor of 8 and a?
4
Let x = 21 + 123. What is the greatest common factor of 80 and x?
16
Let p be 2/(24/(-9))*(-16)/(-4). Let k be 12*4 - p*2/(-3). What is the greatest common divisor of 115 and k?
23
Let w(b) = 5*b + 49. Let q be w(15). Calculate the highest common divisor of 155 and q.
31
Suppose 0 = 3*m + 2*n - 43, -5*m - 3*n + 38 = -34. What is the highest common divisor of m and 465?
15
Let d(b) = -26*b - 1. Let j be (-3)/(-4) + (-1)/(-4). Let c be d(j). Let l = 54 + c. Calculate the highest common divisor of 9 and l.
9
Let x = 3 + 15. Let p = 565 - 386. Suppose -f - 5 + 39 = -2*c, 0 = 5*f - c - p. Calculate the highest common factor of f and x.
18
Suppose 1248 = 112*m - 80*m. What is the highest common factor of m and 4017?
39
Let j = -186 - -561. What is the highest common factor of 15 and j?
15
Let n(d) = 4*d. Let k be -4 + 1 + 11 + 5. Let g be n(k). What is the highest common factor of 13 and g?
13
Suppose 5*p = 2*p - 0*p. Suppose n + n = m - 12, p = 5*m - 2*n - 76. What is the highest common factor of m and 40?
8
Let a = 162 + -90. Suppose 3*k + 20 = 8*k. Suppose -k*y + 27 = -9. What is the greatest common factor of y and a?
9
Let g(r) = 14*r - 4 + 21*r - 6*r. Let c be g(2). Let j be (c/4)/(6/48). What is the greatest common divisor of j and 12?
12
Suppose 0*l + 40 = 5*l. Let a be (11 - 0)/(2/16). What is the highest common factor of a and l?
8
Let n = -2003 - -2045. Calculate the highest common divisor of 1722 and n.
42
Let h be (26/(-4))/((4 + -2)/(-4)). Suppose 0 = -u + 1 + h. What is the highest common factor of u and 14?
14
Suppose 0 = 19*p - 14*p - 40. Let u be (-98)/(-5) - (-4)/10. Calculate the highest common divisor of p and u.
4
Let h(o) = -10*o - 213. Let t be h(-29). Calculate the greatest common divisor of t and 88.
11
Let m = -44 - -84. Let u(a) = -a**3 + 5*a**2 - 5*a + 9. Suppose -12 = -10*o + 7*o. Let q be u(o). Calculate the greatest common factor of q and m.
5
Let r be (2 - 6/5)*(-2400)/(-96). Calculate the highest common divisor of 68 and r.
4
Suppose -2*y = -8, 0 = 4*n - 3*y + 5*y - 244. Let v = n - 36. What is the greatest common factor of v and 23?
23
Suppose 10*c + 5*c - 1680 = 0. What is the highest common factor of c and 28?
28
Let b be (0 + (-11)/(-33))*36. Suppose -4*a + 804 = -3*n, 0*a + 608 = 3*a - n. Calculate the greatest common divisor of b and a.
12
Suppose -4*z + 55 = z. Suppose 2*w + 4*t - 59 = w, -218 = -4*w + 2*t. What is the greatest common divisor of w and z?
11
Let c = 46 + -41. Suppose -c*z = -2*q - 27, -3 = z + q - 14. Suppose 22 = h + z. Calculate the greatest common divisor of h and 165.
15
Suppose 1331 = 5*u - 69. Let s be (44 + -59)*14/(-6). Calculate the greatest common factor of s and u.
35
Suppose -14*a = -2*a - 72. Suppose 0 = -3*x + f - 3*f + 3, -f = 0. Let u be (x + -2)/((-6)/90). Calculate the highest common divisor of a and u.
3
Let k = 168 - 32. Suppose -80 = -5*u + 5*t, 2*t - 3 = -t. What is the greatest common factor of k and u?
17
Let j(a) = 3*a**2 - 22*a - 46. Let x be j(14). What is the highest common divisor of 54 and x?
18
Let z = -20 - -26. Suppose -3*v = -z*v + 93. Let o = 55 - v. Calculate the greatest common factor of o and 48.
24
Suppose -74 = 24*a - 8426. What is the highest common divisor of a and 145?
29
Let s be 7/((-63)/(-198)) - 10/2. Let d = -35 + 69. What is the greatest common factor of d and s?
17
Suppose 119*t = 10729 - 1685. Suppose 7 = 3*z - 50. What is the greatest common factor of t and z?
19
Let o = -6 + 153. Let r = -138 + o. Let w be 1/(2/88) - -1. What is the greatest common divisor of r and w?
9
Let k = 216 + -198. Calculate the highest common factor of 81 and k.
9
Let x be (-7)/(7/(-6))*(-15)/(-30). Calculate the highest common divisor of x and 393.
3
Let i(b) = 12*b**2 + 4*b + 4. Let y be i(-3). Let p(f) = -f**3 - 2*f**2 + 57*f - 14. Let u be p(-9). What is the greatest common factor of u and y?
20
Let d be (-120638)/(-182) - 2/(-13). Suppose -m - 182 = 3*g - d, -5*m + 165 = g. Let r = -3 - -23. Calculate the highest common factor of g and r.
20
Suppose 2*p - 6 = -0*p. Suppose 5*n + k + 1 = 6, -p*k = 0. Let s be 76/18 + 6/(-27). What is the greatest common factor of s and n?
1
Suppose 0 = 18*k - 14712 - 40746. What is the greatest common factor of 39 and k?
39
Suppose 6171 = 13*o - 2*o. Suppose 0 = -4*m - 5*q + 601, 4*q - q = 4*m - o. What is the highest common factor of 18 and m?
18
Let h(t) be the third derivative of 2*t**4/3 - 47*t**3/6 - 40*t**2. Let n be h(6). What is the highest common factor of 49 and n?
49
Let q(f) = -2*f + 18. Let r(s) = 7*s**2 + 4*s - 3. Let z be r(1). Let m be q(z). Calculate the highest common factor of m and 3.
1
Let x(a) = 7*a - 1. Let p(m) = 15*m - 2. Let v = -12 - -8. Let w(b) = v*p(b) + 7*x(b). Let s be w(-1). What is the greatest common factor of s and 24?
12
Suppose 18*x - 18 = 864. Calculate the highest common factor of x and 539.
49
Let q be 3 + 11/(-3)*-9. Let r = -19 + q. Calculate the greatest common divisor of r and 85.
17
Let q(r) = -r**3 - 13*r**2 - 22*r. Let a be q(-11). Suppose a = -v + 31 - 1. Let t = 11 + 64. Calculate the highest common factor of v and t.
15
Suppose 2*n + 3*n - 120 = 0. Suppose 4*q = 2*v + 386, 2*v - 6*v = 2*q - 188. What is the greatest common divisor of n and q?
24
Let d = 2520 - 2466. Suppose -3*h = 1 + 2. Let v be 3*2 + h - -1. Calculate the greatest common divisor of d and v.
6
Let g = 145 - 116. What is the highest common divisor of g and 87?
29
Let x = 9 + 129. Let j be (80/24)/(4/x). Let n(l) = -l**2 + 14*l - 2. Let b be n(6). Calculate the highest common divisor of j and b.
23
Suppose 3 - 21 = -c. Suppose 2*r - c = 4. What is the highest common divisor of r and 88?
11
Let f be (1 - 1) + 111/(-9)*-3. What is the highest common divisor of 148 and f?
37
Let h(u) = 6*u + 24. Let p be h(-10). Let k be 7/(56/p)*-2. Suppose k = -g + 90. What is the greatest common divisor of 54 and g?
27
Let d be (0 - -6)/6*88. What is the highest common divisor of 242 and d?
22
Let l(n) = 63*n + 17. Let y be l(1). What is the highest common factor of 100 and y?
20
Let a(j) be the second derivative of j**4/4 + j**3/6 + 2*j. Let v be a(-1). Suppose -y = u - 10, u = -v*u. What is the highest common divisor of y and 50?
10
Let f(w) = w**2 + 6*w + 8. Let a be f(-6). Let s be 16/6 - (25/(-3) - -8). Suppose 4*k - 336 = -s*k. Calculate the highest common factor of k and a.
8
Let n be (0 + 9)/((-15)/(-20)). Let q(o) = -o**3 + 14*o**2 - 20*o. Let k be q(12). What is the greatest common divisor of k and n?
12
Let q(z) = 28*z - 35. Let l be q(7). What is the highest common factor of 92 and l?
23
Suppose 0 = -39*x + 50*x - 517. Calculate the highest common divisor of 2350 and x.
47
Let f(v) = 9 - 1 - 2*v - v**2 + 15*v. Let s be f(7). What is the greatest common factor of s and 10?
10
Let o be ((-253)/(-44))/((-1)/(-4)). Suppose 3*m = 8 - o, -5*m = n + 18. Calculate the highest common divisor of 7 and n.
7
Let p = 490 - 484. What is the highest common divisor of p and 24?
6
Suppose -40 - 40 = -10*r. What is the greatest common factor of 32 and r?
8
Suppose 60 = l - 3*b - 2*b, 256 = 5*l - 3*b. Let m be l/6 - 3/9. Calculate the highest common factor of 24 and m.
8
Suppose 0 = 4*s + 3*l - 7, 1 + 0 = -3*s + 4*l. Let k be (1 + -2)/(s*4/(-40)). Let p be ((-54)/(-4))/(15/100). Calculate the highest 